{"id":97,"date":"2018-08-27T17:30:13","date_gmt":"2018-08-27T17:30:13","guid":{"rendered":"https:\/\/fondoparalainvestigacion.fundacionwwbcolombia.org\/?page_id=97&#038;lang=en"},"modified":"2020-09-07T16:58:09","modified_gmt":"2020-09-07T16:58:09","slug":"submitting-my-project","status":"publish","type":"page","link":"https:\/\/fondoparalainvestigacion.fundacionwwbcolombia.org\/en\/submitting-my-project\/","title":{"rendered":"Register for the Call"},"content":{"rendered":"<div class=\"section fp-auto-height \" id=\"section0\">\r\n        <div class=\"flex fullCenter contentSectionBanner\">\r\n            <div class=\"mensaje-banner\">\r\n                <h2>Register <br><b>for the Call<\/b><\/h2>\r\n                \r\n                <!-- <p>El proceso de recepci\u00f3n de propuestas se llevar\u00e1 a cabo a trav\u00e9s de la plataforma web <a target=\"_blank\" href=\"https:\/\/apl.colfuturo.org\/Colfuturo-Login\/login.xhtml?idPatrocinador=1&idPlataforma=C&hash=5a444d7a4e667a39367a444152555a30426e365071673d3d\" id=\"registrationbutton\" onclick=\"gtag_report_conversion()\">haciendo clic aqu\u00ed<\/a>. A trav\u00e9s de dicha plataforma, los\/las interesados(as) podr\u00e1n presentar el proyecto aprobado por comit\u00e9 evaluador del programa acad\u00e9mico de la universidad de origen en el caso de los\/las estudiantes, o el proyecto de investigaci\u00f3n avalado por la\/el representante legal de la universidad desde la que se postula el proyecto, en el caso de los grupos de investigaci\u00f3n. Para los dem\u00e1s requisitos las personas interesadas deben consultar documento de t\u00e9rminos de referencia.<\/p> -->\r\n                <p>Submissions must be made via the web platform, accessible from July 27, 2020. For Call requirements, please see the Terms of Reference.<\/p>    \r\n \r\n                <a target=\"_blank\" href=\"\/wp-content\/uploads\/2020\/09\/Download-the-calls-terms-of-reference.pdf\" id=\"registrationbutton\" class=\"button--amarillo\">Download the Call&#8217;s Terms of Reference <\/a>\r\n\r\n              \r\n                <!--<a target=\"_blank\" href=\"\/wp-content\/uploads\/2020\/08\/Terminos-de-referencia-Modalidad-apoyo-al-trabajo-de-campo-FFI-2020.pdf\" id=\"postularbutton\" class=\"button--amarillo\">Download the Call\u2019s Regulations<\/a>-->\r\n\r\n               <!-- <a target=\"_blank\" href=\"https:\/\/www.fundacionwwbcolombia.org\/wp-content\/uploads\/2019\/04\/Reglamento-ejecucion-de-proyectos-2019.pdf\" id=\"reglamentobutton\" class=\"button--amarillo\">Descargue el Reglamento de Ejecuci\u00f3n<\/a>-->\r\n\r\n               <!-- <a target=\"_blank\" href=\"https:\/\/www.fundacionwwbcolombia.org\/wp-content\/uploads\/2019\/04\/Formatos-de-aplicacio\u0301n-2019-FFI-2019.zip\" class=\"button--amarillo\">Formatos de Aplicaci\u00f3n<\/a>-->\r\n            <\/div>\r\n        <\/div>\r\n        <a data-menuanchor=\"secondPage\" href=\"#secondPage\" class=\"flecha\">\r\n            <i class=\"fa fa-angle-down\" aria-hidden=\"true\"><\/i>\r\n        <\/a>\r\n    <\/div>\r\n\r\n   <div id=\"convocatoria\" class=\"section naranja\">\r\n    <div class=\"container section-naranja\">\r\n        <div class=\"row\">\r\n            <div id=\"column--left\" class=\"col-12 col-sm-12 col-md-12 col-lg-12 col-xl-6 align-items-stretch\">\r\n                <h2><b>Call dates<\/b><\/h2>\r\n                <p>Master&#8217;s and PhD researchers and research groups interested in applying to this Call should comply with the following schedule:<\/p>\r\n                <div class=\"destacado\">\r\n                    <div class=\"flex fullCenter bordeIcono\"><img decoding=\"async\" src=\"\/wp-content\/themes\/Fondo-de-investigacion\/assets\/images\/icono.png\" \/><\/div>\r\n                    <div class=\"borderSombreado\">\r\n                        <h3><b>Submission of the proposal:<br><\/b>&#8211; July 27 to September 10, 2020 for master&#8217;s and doctoral students<br>&#8211; July 27 to September 30, 2020 for research groups<\/h3>\r\n                        <h3><b>Publication of results:<br><\/b>&#8211; October 1, 2020 for master&#8217;s and doctoral students<br>&#8211; October 9, 2020 for research groups<\/h3>\r\n                    <\/div>\r\n                    <!-- <a class=\"btn\" href=\"\/proyecto\/#firstPage\">Inscribirme a la convocatoria<\/a> -->\r\n                        \r\n                    <\/div>\r\n                <\/div>\r\n                <div class=\"col-12 col-sm-12 col-md-12 col-lg-12 col-xl-6 align-items-stretch\" id=\"column--right\">\r\n                    <img decoding=\"async\" src=\"\/wp-content\/uploads\/2020\/08\/ffi_postular_proyecto-fechas.png\">\r\n                <\/div>\r\n            <\/div>\r\n        <\/div>\r\n\r\n    <\/div>","protected":false},"excerpt":{"rendered":"Register for the Call Submissions must be made via the web platform, accessible from July 27, 2020. For Call requirements, please see the Terms of Reference. Download the Call&#8217;s Terms of Reference Call dates Master&#8217;s and PhD researchers and research groups interested in applying to this Call should comply with the following schedule: Submission of [&hellip;]","protected":false},"author":1,"featured_media":0,"parent":0,"menu_order":0,"comment_status":"closed","ping_status":"closed","template":"","meta":{"footnotes":""},"class_list":["post-97","page","type-page","status-publish","hentry"],"_links":{"self":[{"href":"https:\/\/fondoparalainvestigacion.fundacionwwbcolombia.org\/en\/wp-json\/wp\/v2\/pages\/97","targetHints":{"allow":["GET"]}}],"collection":[{"href":"https:\/\/fondoparalainvestigacion.fundacionwwbcolombia.org\/en\/wp-json\/wp\/v2\/pages"}],"about":[{"href":"https:\/\/fondoparalainvestigacion.fundacionwwbcolombia.org\/en\/wp-json\/wp\/v2\/types\/page"}],"author":[{"embeddable":true,"href":"https:\/\/fondoparalainvestigacion.fundacionwwbcolombia.org\/en\/wp-json\/wp\/v2\/users\/1"}],"replies":[{"embeddable":true,"href":"https:\/\/fondoparalainvestigacion.fundacionwwbcolombia.org\/en\/wp-json\/wp\/v2\/comments?post=97"}],"version-history":[{"count":17,"href":"https:\/\/fondoparalainvestigacion.fundacionwwbcolombia.org\/en\/wp-json\/wp\/v2\/pages\/97\/revisions"}],"predecessor-version":[{"id":549,"href":"https:\/\/fondoparalainvestigacion.fundacionwwbcolombia.org\/en\/wp-json\/wp\/v2\/pages\/97\/revisions\/549"}],"wp:attachment":[{"href":"https:\/\/fondoparalainvestigacion.fundacionwwbcolombia.org\/en\/wp-json\/wp\/v2\/media?parent=97"}],"curies":[{"name":"wp","href":"https:\/\/api.w.org\/{rel}","templated":true}]}}

<div class="section fp-auto-height " id="section0">
        <div class="flex fullCenter contentSectionBanner">
            <div class="mensaje-banner">
                <h2>Register <br><b>for the Call</b></h2>
                
                <!-- <p>El proceso de recepción de propuestas se llevará a cabo a través de la plataforma web <a target="_blank" href="https://apl.colfuturo.org/Colfuturo-Login/login.xhtml?idPatrocinador=1&idPlataforma=C&hash=5a444d7a4e667a39367a444152555a30426e365071673d3d" id="registrationbutton" onclick="gtag_report_conversion()">haciendo clic aquí</a>. A través de dicha plataforma, los/las interesados(as) podrán presentar el proyecto aprobado por comité evaluador del programa académico de la universidad de origen en el caso de los/las estudiantes, o el proyecto de investigación avalado por la/el representante legal de la universidad desde la que se postula el proyecto, en el caso de los grupos de investigación. Para los demás requisitos las personas interesadas deben consultar documento de términos de referencia.</p> -->
                <p>Submissions must be made via the web platform, accessible from July 27, 2020. For Call requirements, please see the Terms of Reference.</p>    
 
                <a target="_blank" href="/wp-content/uploads/2020/09/Download-the-calls-terms-of-reference.pdf" id="registrationbutton" class="button--amarillo">Download the Call&#8217;s Terms of Reference </a>

              
                <!--<a target="_blank" href="/wp-content/uploads/2020/08/Terminos-de-referencia-Modalidad-apoyo-al-trabajo-de-campo-FFI-2020.pdf" id="postularbutton" class="button--amarillo">Download the Call’s Regulations</a>-->

               <!-- <a target="_blank" href="https://www.fundacionwwbcolombia.org/wp-content/uploads/2019/04/Reglamento-ejecucion-de-proyectos-2019.pdf" id="reglamentobutton" class="button--amarillo">Descargue el Reglamento de Ejecución</a>-->

               <!-- <a target="_blank" href="https://www.fundacionwwbcolombia.org/wp-content/uploads/2019/04/Formatos-de-aplicación-2019-FFI-2019.zip" class="button--amarillo">Formatos de Aplicación</a>-->
            </div>
        </div>
        <a data-menuanchor="secondPage" href="#secondPage" class="flecha">
            <i class="fa fa-angle-down" aria-hidden="true"></i>
        </a>
    </div>

   <div id="convocatoria" class="section naranja">
    <div class="container section-naranja">
        <div class="row">
            <div id="column--left" class="col-12 col-sm-12 col-md-12 col-lg-12 col-xl-6 align-items-stretch">
                <h2><b>Call dates</b></h2>
                <p>Master&#8217;s and PhD researchers and research groups interested in applying to this Call should comply with the following schedule:</p>
                <div class="destacado">
                    <div class="flex fullCenter bordeIcono"><img decoding="async" src="/wp-content/themes/Fondo-de-investigacion/assets/images/icono.png" /></div>
                    <div class="borderSombreado">
                        <h3><b>Submission of the proposal:<br></b>&#8211; July 27 to September 10, 2020 for master&#8217;s and doctoral students<br>&#8211; July 27 to September 30, 2020 for research groups</h3>
                        <h3><b>Publication of results:<br></b>&#8211; October 1, 2020 for master&#8217;s and doctoral students<br>&#8211; October 9, 2020 for research groups</h3>
                    </div>
                    <!-- <a class="btn" href="/proyecto/#firstPage">Inscribirme a la convocatoria</a> -->
                        
                    </div>
                </div>
                <div class="col-12 col-sm-12 col-md-12 col-lg-12 col-xl-6 align-items-stretch" id="column--right">
                    <img decoding="async" src="/wp-content/uploads/2020/08/ffi_postular_proyecto-fechas.png">
                </div>
            </div>
        </div>

    </div>
