{"id":144,"date":"2018-08-27T20:30:07","date_gmt":"2018-08-27T20:30:07","guid":{"rendered":"https:\/\/fondoparalainvestigacion.fundacionwwbcolombia.org\/en\/?page_id=144"},"modified":"2021-01-28T19:56:17","modified_gmt":"2021-01-28T19:56:17","slug":"home","status":"publish","type":"page","link":"https:\/\/fondoparalainvestigacion.fundacionwwbcolombia.org\/en\/","title":{"rendered":"Home"},"content":{"rendered":"<!-- Hotjar Tracking Code for https:\/\/fondoparalainvestigacion.fundacionwwbcolombia.org\/ -->\r\n<script>\r\n    (function(h,o,t,j,a,r){\r\n        h.hj=h.hj||function(){(h.hj.q=h.hj.q||[]).push(arguments)};\r\n        h._hjSettings={hjid:1663148,hjsv:6};\r\n        a=o.getElementsByTagName('head')[0];\r\n        r=o.createElement('script');r.async=1;\r\n        r.src=t+h._hjSettings.hjid+j+h._hjSettings.hjsv;\r\n        a.appendChild(r);\r\n    })(window,document,'https:\/\/static.hotjar.com\/c\/hotjar-','.js?sv=');\r\n<\/script>\r\n<div id=\"section0\" class=\"section \">\r\n    <div class=\"slider\">\r\n        <div class=\"slide1\">\r\n            <div class=\"flex fullCenter contentSectionBanner\">\r\n\r\n                <img decoding=\"async\" src=\"\/wp-content\/uploads\/2020\/08\/logo-FFI.png\" \/>\r\n                <div class=\"descripcion\">\r\n                    <h2>5th Call for applications:<\/h2>\r\n                    <p>\u201cContexts and opportunities for women\u2019s entrepreneurship in rural areas\u201d<\/p>\r\n                <\/div>\r\n            <\/div>\r\n        <\/div>\r\n        <div class=\"slide2\">\r\n            <div class=\"flex fullCenter contentSectionBanner\">\r\n\r\n                <img decoding=\"async\" src=\"\/wp-content\/uploads\/2020\/08\/logo-FFI.png\" \/>\r\n                <div class=\"descripcion\">\r\n                    <h2>5th Call for applications:<\/h2>\r\n                    <p>\u201cContexts and opportunities for women\u2019s entrepreneurship in rural areas\u201d<\/p>\r\n                <\/div>\r\n            <\/div>\r\n        <\/div>\r\n        <div class=\"slide3\">\r\n            <div class=\"flex fullCenter contentSectionBanner\">\r\n\r\n                <img decoding=\"async\" src=\"\/wp-content\/uploads\/2020\/08\/logo-FFI.png\" \/>\r\n                <div class=\"descripcion\">\r\n                    <h2>5th Call for applications:<\/h2>\r\n                    <p>\u201cContexts and opportunities for women\u2019s entrepreneurship in rural areas\u201d<\/p>\r\n                <\/div>\r\n            <\/div>\r\n        <\/div>\r\n        <div class=\"slide4\">\r\n            <div class=\"flex fullCenter contentSectionBanner\">\r\n\r\n                <img decoding=\"async\" src=\"\/wp-content\/uploads\/2020\/08\/logo-FFI.png\" \/>\r\n                <div class=\"descripcion\">\r\n                    <h2>4th Call for applications:<\/h2>\r\n                    <p>\u201cContexts and opportunities for women\u2019s entrepreneurship in rural areas\u201d<\/p>\r\n                <\/div>\r\n            <\/div>\r\n        <\/div>\r\n    <\/div>\r\n    <a class=\"flecha\" href=\"#secondPage\" data-menuanchor=\"secondPage\">\r\n        <i class=\"fa fa-angle-down\" aria-hidden=\"true\"><\/i>\r\n    <\/a>\r\n\r\n<\/div>\r\n<div id=\"section1\" class=\"section\">\r\n    <div class=\"flex content-col height-100\">\r\n        <div class=\"col1 align-start text-right\"><img decoding=\"async\" class=\"margin-left-80 height-100vh\" src=\"\/wp-content\/uploads\/2020\/08\/ffi_que_es.png\" \/><\/div>\r\n        <div class=\"flex col2 col2center margin-left-80\">\r\n            <h2>What is <b>the Fund?<\/b><\/h2>\r\n            <h1>It is a mechanism created by Fundaci\u00f3n WWB Colombia in 2017 to promote research into the contexts, challenges, and opportunities for women entrepreneurs in Colombia and the Pacific region. The research field is entitled \u201cContexts and opportunities for women\u2019s entrepreneurship in rural areas.\u201d\r\n<\/h1>\r\n            <a href=\"#3rdPage\" data-menuanchor=\"3rdPage\">\r\n                <i class=\"fa fa-angle-down flechaArrow\" aria-hidden=\"true\"><\/i>\r\n            <\/a>\r\n\r\n        <\/div>\r\n        <img decoding=\"async\" class=\"bordeSection\" src=\"\/wp-content\/themes\/Fondo-de-investigacion\/assets\/images\/borde-rectangulo.png\" \/>\r\n\r\n    <\/div>\r\n<\/div>\r\n<div id=\"section3\" class=\"section gris\">\r\n    <div class=\"container section--full-width-right\">\r\n        <div class=\"row align-items-center\">\r\n            <div id=\"column--left\" class=\"col-12 col-sm-12 col-md-12 col-lg-12 col-xl-6\">\r\n                <div class=\"column--content\">\r\n                    <h2>What is this <b>fourth Call about?<\/b><\/h2>\r\n                    <p>The FWWBCOL Research Fund\u2019s fourth Call for applications has the following objectives: to promote projects for the generation and\/or strengthening of research capacities, as well as collaborative and\/or participatory research and applied research intended to study the dynamics, tensions, imaginary, relations, conflicts, challenges and opportunities for entrepreneurship led by or with the participation of women in the departments of Choc\u00f3, Valle del Cauca, Cauca and Nari\u00f1o, Colombia.\r\n<\/p>\r\n                <\/div>\r\n            <\/div>\r\n            <div id=\"column--right\" class=\"col-12 col-sm-12 col-md-12 col-lg-12 col-xl-6\"><img decoding=\"async\" src=\"\/wp-content\/uploads\/2020\/08\/ffi_3ra_convocatoria.png\" \/><\/div>\r\n            <div class=\"col-12\"><a class=\"centrado\" href=\"#4thpage\" data-menuanchor=\"4thpage\">\r\n                    <i class=\"fa fa-angle-down flechaArrow\" aria-hidden=\"true\"><\/i>\r\n                <\/a><\/div>\r\n        <\/div>\r\n    <\/div>\r\n<\/div>\r\n\r\n\r\n\r\n\r\n<div id=\"section4\" class=\"section\">\r\n    <div class=\"flex content-col height-100\">\r\n        <div class=\"col-md-2 col1 align-start text-right\"><img decoding=\"async\" class=\"\" src=\"\/wp-content\/uploads\/2020\/08\/modalidades-participacion.jpg\" width=\"100%\" height=\"auto\" \/><\/div>\r\n        <div class=\"col-md-10 flex col2 col2center margin-left-80\">\r\n            <h2>How you can participate<\/h2>\r\n            <h1>Fieldwork support<\/h1>\r\n\r\n<!--acordeon-->\r\n<section class=\"ac-container\">\r\n  <div>\r\n    <input id=\"ac-1\" name=\"accordion-1\" type=\"radio\" checked>\r\n    <label for=\"ac-1\">1. Collaborative and\/or participatory research<\/label>\r\n    <article class=\"aco1\">\r\n      <p>Participatory action research (PAR) is a methodology and perspective of research and action that promotes research as a tool for social change, via the active participation of those involved in knowledge generation, from project design and data collection, to the actions resulting from the process (Fals-Borda, 2015: 320). The ultimate goal of PAR is for members of socially and economically disadvantaged groups to take on an active role in managing their organizations and communities, and influence processes that directly or indirectly affect their quality of life and exercise of self-determination.<\/p>\r\n\r\n    <\/article>\r\n  <\/div>\r\n  <div>\r\n    <input id=\"ac-2\" name=\"accordion-1\" type=\"radio\">\r\n    <label for=\"ac-2\">2. Applied research<\/label>\r\n    <article class=\"aco2\">\r\n      <p>According to the Frascati manual, &#8220;applied research is fundamentally directed towards a specific practical objective or purpose. It is undertaken to determine the possible uses of the results of basic research, or to determine new methods or ways of achieving specific predetermined objectives&#8221; (OCDE, 2015: p.54). <br><br>\r\nThis type of research is intended to build or develop new knowledge in order to solve a specific need identified, which, in the case of this Call, is related to the communities and territories of the Colombian Pacific region. To do so, all existing and available knowledge to solve the identified problem situation must be considered, as include the participation and fully informed consent of the community involved. <br><br>\r\n\r\nReferences: Fals Borda, O. (2015). Una sociolog\u00eda sentipensante para Am\u00e9rica Latina. CLACSO (Vol. 53). Bogot\u00e1:CLACSO\/Siglo del Hombre Editors.https:\/\/doi.org\/10.1017\/CBO9781107415324.004<br><br>\r\n\r\nOCDE (2015), Frascati Manual 2015: Guidelines for Collecting and Reporting Data on Research and Experimental Development, The Measurement of Scientific, Technological and Innovation Activities. Publicado por acuerdo con la OCDE, Par\u00eds (Francia). DOI: http:\/\/dx.doi.org\/10.1787\/9789264239012-en<br><br>\r\n\r\n\r\n\r\n\r\n\r\n\r\n<\/article>\r\n  <\/div>\r\n  \r\n  \r\n      <\/section>\r\n\r\n<!--acordeon-->\r\n\r\n\r\n            <!--<a href=\"#3rdPage\" data-menuanchor=\"#lastPage\">\r\n                <i class=\"fa fa-angle-down flechaArrow\" aria-hidden=\"true\"><\/i>\r\n            <\/a>-->\r\n\r\n        <\/div>\r\n        <img decoding=\"async\" class=\"bordeSection\" src=\"\/wp-content\/themes\/Fondo-de-investigacion\/assets\/images\/borde-rectangulo.png\" \/>\r\n\r\n    <\/div>\r\n<\/div>\r\n\r\n\r\n\r\n\r\n\r\n\r\n\r\n<div id=\"convocatoria\" class=\"section naranja\">\r\n    <div class=\"container section-naranja\">\r\n        <div class=\"row\">\r\n            <div id=\"column--left\" class=\"col-12 col-sm-12 col-md-12 col-lg-12 col-xl-6 align-items-stretch\">\r\n                <h2>Call dates<\/b><\/h2>\r\n                <p>Fieldwork support <\/b><\/p>\r\n                <p>Master&#8217;s and PhD researchers and research groups interested in applying to this Call should comply with the following schedule:<\/p>\r\n                <div class=\"destacado\">\r\n                    <div class=\"flex fullCenter bordeIcono\"><img decoding=\"async\" src=\"\/wp-content\/themes\/Fondo-de-investigacion\/assets\/images\/icono.png\" \/><\/div>\r\n                    <div class=\"borderSombreado\">\r\n                        <h3><b>Submission of the proposal:<br><\/b>&#8211; July 27 to September 10, 2020 for master&#8217;s and doctoral students<br>&#8211; July 27 to September 30, 2020 for research groups<\/h3>\r\n                        <h3><b>Publication of results:<br><\/b>&#8211; October 1, 2020 for master&#8217;s and doctoral students <br>&#8211; October 9, 2020 for research groups<\/h3>\r\n\r\n                    <\/div>\r\n                    <!-- <a class=\"btn\" href=\"\/proyecto\/#firstPage\">Inscribirme a la convocatoria<\/a> -->\r\n\r\n                <\/div>\r\n            <\/div>\r\n            <div id=\"column--right\" class=\"col-12 col-sm-12 col-md-12 col-lg-12 col-xl-6 align-items-stretch\"><img decoding=\"async\" src=\"\/wp-content\/uploads\/2020\/08\/ffi_fechas_3ra_convocatoria.png\" \/><\/div>\r\n        <\/div>\r\n    <\/div>\r\n<\/div>","protected":false},"excerpt":{"rendered":"5th Call for applications: \u201cContexts and opportunities for women\u2019s entrepreneurship in rural areas\u201d 5th Call for applications: \u201cContexts and opportunities for women\u2019s entrepreneurship in rural areas\u201d 5th Call for applications: \u201cContexts and opportunities for women\u2019s entrepreneurship in rural areas\u201d 4th Call for applications: \u201cContexts and opportunities for women\u2019s entrepreneurship in rural areas\u201d What is the [&hellip;]","protected":false},"author":1,"featured_media":0,"parent":0,"menu_order":0,"comment_status":"closed","ping_status":"closed","template":"","meta":{"footnotes":""},"class_list":["post-144","page","type-page","status-publish","hentry"],"_links":{"self":[{"href":"https:\/\/fondoparalainvestigacion.fundacionwwbcolombia.org\/en\/wp-json\/wp\/v2\/pages\/144","targetHints":{"allow":["GET"]}}],"collection":[{"href":"https:\/\/fondoparalainvestigacion.fundacionwwbcolombia.org\/en\/wp-json\/wp\/v2\/pages"}],"about":[{"href":"https:\/\/fondoparalainvestigacion.fundacionwwbcolombia.org\/en\/wp-json\/wp\/v2\/types\/page"}],"author":[{"embeddable":true,"href":"https:\/\/fondoparalainvestigacion.fundacionwwbcolombia.org\/en\/wp-json\/wp\/v2\/users\/1"}],"replies":[{"embeddable":true,"href":"https:\/\/fondoparalainvestigacion.fundacionwwbcolombia.org\/en\/wp-json\/wp\/v2\/comments?post=144"}],"version-history":[{"count":15,"href":"https:\/\/fondoparalainvestigacion.fundacionwwbcolombia.org\/en\/wp-json\/wp\/v2\/pages\/144\/revisions"}],"predecessor-version":[{"id":686,"href":"https:\/\/fondoparalainvestigacion.fundacionwwbcolombia.org\/en\/wp-json\/wp\/v2\/pages\/144\/revisions\/686"}],"wp:attachment":[{"href":"https:\/\/fondoparalainvestigacion.fundacionwwbcolombia.org\/en\/wp-json\/wp\/v2\/media?parent=144"}],"curies":[{"name":"wp","href":"https:\/\/api.w.org\/{rel}","templated":true}]}}

<!-- Hotjar Tracking Code for https://fondoparalainvestigacion.fundacionwwbcolombia.org/ -->
<script>
    (function(h,o,t,j,a,r){
        h.hj=h.hj||function(){(h.hj.q=h.hj.q||[]).push(arguments)};
        h._hjSettings={hjid:1663148,hjsv:6};
        a=o.getElementsByTagName('head')[0];
        r=o.createElement('script');r.async=1;
        r.src=t+h._hjSettings.hjid+j+h._hjSettings.hjsv;
        a.appendChild(r);
    })(window,document,'https://static.hotjar.com/c/hotjar-','.js?sv=');
</script>
<div id="section0" class="section ">
    <div class="slider">
        <div class="slide1">
            <div class="flex fullCenter contentSectionBanner">

                <img decoding="async" src="/wp-content/uploads/2020/08/logo-FFI.png" />
                <div class="descripcion">
                    <h2>5th Call for applications:</h2>
                    <p>“Contexts and opportunities for women’s entrepreneurship in rural areas”</p>
                </div>
            </div>
        </div>
        <div class="slide2">
            <div class="flex fullCenter contentSectionBanner">

                <img decoding="async" src="/wp-content/uploads/2020/08/logo-FFI.png" />
                <div class="descripcion">
                    <h2>5th Call for applications:</h2>
                    <p>“Contexts and opportunities for women’s entrepreneurship in rural areas”</p>
                </div>
            </div>
        </div>
        <div class="slide3">
            <div class="flex fullCenter contentSectionBanner">

                <img decoding="async" src="/wp-content/uploads/2020/08/logo-FFI.png" />
                <div class="descripcion">
                    <h2>5th Call for applications:</h2>
                    <p>“Contexts and opportunities for women’s entrepreneurship in rural areas”</p>
                </div>
            </div>
        </div>
        <div class="slide4">
            <div class="flex fullCenter contentSectionBanner">

                <img decoding="async" src="/wp-content/uploads/2020/08/logo-FFI.png" />
                <div class="descripcion">
                    <h2>4th Call for applications:</h2>
                    <p>“Contexts and opportunities for women’s entrepreneurship in rural areas”</p>
                </div>
            </div>
        </div>
    </div>
    <a class="flecha" href="#secondPage" data-menuanchor="secondPage">
        <i class="fa fa-angle-down" aria-hidden="true"></i>
    </a>

</div>
<div id="section1" class="section">
    <div class="flex content-col height-100">
        <div class="col1 align-start text-right"><img decoding="async" class="margin-left-80 height-100vh" src="/wp-content/uploads/2020/08/ffi_que_es.png" /></div>
        <div class="flex col2 col2center margin-left-80">
            <h2>What is <b>the Fund?</b></h2>
            <h1>It is a mechanism created by Fundación WWB Colombia in 2017 to promote research into the contexts, challenges, and opportunities for women entrepreneurs in Colombia and the Pacific region. The research field is entitled “Contexts and opportunities for women’s entrepreneurship in rural areas.”
</h1>
            <a href="#3rdPage" data-menuanchor="3rdPage">
                <i class="fa fa-angle-down flechaArrow" aria-hidden="true"></i>
            </a>

        </div>
        <img decoding="async" class="bordeSection" src="/wp-content/themes/Fondo-de-investigacion/assets/images/borde-rectangulo.png" />

    </div>
</div>
<div id="section3" class="section gris">
    <div class="container section--full-width-right">
        <div class="row align-items-center">
            <div id="column--left" class="col-12 col-sm-12 col-md-12 col-lg-12 col-xl-6">
                <div class="column--content">
                    <h2>What is this <b>fourth Call about?</b></h2>
                    <p>The FWWBCOL Research Fund’s fourth Call for applications has the following objectives: to promote projects for the generation and/or strengthening of research capacities, as well as collaborative and/or participatory research and applied research intended to study the dynamics, tensions, imaginary, relations, conflicts, challenges and opportunities for entrepreneurship led by or with the participation of women in the departments of Chocó, Valle del Cauca, Cauca and Nariño, Colombia.
</p>
                </div>
            </div>
            <div id="column--right" class="col-12 col-sm-12 col-md-12 col-lg-12 col-xl-6"><img decoding="async" src="/wp-content/uploads/2020/08/ffi_3ra_convocatoria.png" /></div>
            <div class="col-12"><a class="centrado" href="#4thpage" data-menuanchor="4thpage">
                    <i class="fa fa-angle-down flechaArrow" aria-hidden="true"></i>
                </a></div>
        </div>
    </div>
</div>




<div id="section4" class="section">
    <div class="flex content-col height-100">
        <div class="col-md-2 col1 align-start text-right"><img decoding="async" class="" src="/wp-content/uploads/2020/08/modalidades-participacion.jpg" width="100%" height="auto" /></div>
        <div class="col-md-10 flex col2 col2center margin-left-80">
            <h2>How you can participate</h2>
            <h1>Fieldwork support</h1>

<!--acordeon-->
<section class="ac-container">
  <div>
    <input id="ac-1" name="accordion-1" type="radio" checked>
    <label for="ac-1">1. Collaborative and/or participatory research</label>
    <article class="aco1">
      <p>Participatory action research (PAR) is a methodology and perspective of research and action that promotes research as a tool for social change, via the active participation of those involved in knowledge generation, from project design and data collection, to the actions resulting from the process (Fals-Borda, 2015: 320). The ultimate goal of PAR is for members of socially and economically disadvantaged groups to take on an active role in managing their organizations and communities, and influence processes that directly or indirectly affect their quality of life and exercise of self-determination.</p>

    </article>
  </div>
  <div>
    <input id="ac-2" name="accordion-1" type="radio">
    <label for="ac-2">2. Applied research</label>
    <article class="aco2">
      <p>According to the Frascati manual, &#8220;applied research is fundamentally directed towards a specific practical objective or purpose. It is undertaken to determine the possible uses of the results of basic research, or to determine new methods or ways of achieving specific predetermined objectives&#8221; (OCDE, 2015: p.54). <br><br>
This type of research is intended to build or develop new knowledge in order to solve a specific need identified, which, in the case of this Call, is related to the communities and territories of the Colombian Pacific region. To do so, all existing and available knowledge to solve the identified problem situation must be considered, as include the participation and fully informed consent of the community involved. <br><br>

References: Fals Borda, O. (2015). Una sociología sentipensante para América Latina. CLACSO (Vol. 53). Bogotá:CLACSO/Siglo del Hombre Editors.https://doi.org/10.1017/CBO9781107415324.004<br><br>

OCDE (2015), Frascati Manual 2015: Guidelines for Collecting and Reporting Data on Research and Experimental Development, The Measurement of Scientific, Technological and Innovation Activities. Publicado por acuerdo con la OCDE, París (Francia). DOI: http://dx.doi.org/10.1787/9789264239012-en<br><br>






</article>
  </div>
  
  
      </section>

<!--acordeon-->


            <!--<a href="#3rdPage" data-menuanchor="#lastPage">
                <i class="fa fa-angle-down flechaArrow" aria-hidden="true"></i>
            </a>-->

        </div>
        <img decoding="async" class="bordeSection" src="/wp-content/themes/Fondo-de-investigacion/assets/images/borde-rectangulo.png" />

    </div>
</div>







<div id="convocatoria" class="section naranja">
    <div class="container section-naranja">
        <div class="row">
            <div id="column--left" class="col-12 col-sm-12 col-md-12 col-lg-12 col-xl-6 align-items-stretch">
                <h2>Call dates</b></h2>
                <p>Fieldwork support </b></p>
                <p>Master&#8217;s and PhD researchers and research groups interested in applying to this Call should comply with the following schedule:</p>
                <div class="destacado">
                    <div class="flex fullCenter bordeIcono"><img decoding="async" src="/wp-content/themes/Fondo-de-investigacion/assets/images/icono.png" /></div>
                    <div class="borderSombreado">
                        <h3><b>Submission of the proposal:<br></b>&#8211; July 27 to September 10, 2020 for master&#8217;s and doctoral students<br>&#8211; July 27 to September 30, 2020 for research groups</h3>
                        <h3><b>Publication of results:<br></b>&#8211; October 1, 2020 for master&#8217;s and doctoral students <br>&#8211; October 9, 2020 for research groups</h3>

                    </div>
                    <!-- <a class="btn" href="/proyecto/#firstPage">Inscribirme a la convocatoria</a> -->

                </div>
            </div>
            <div id="column--right" class="col-12 col-sm-12 col-md-12 col-lg-12 col-xl-6 align-items-stretch"><img decoding="async" src="/wp-content/uploads/2020/08/ffi_fechas_3ra_convocatoria.png" /></div>
        </div>
    </div>
</div>
